-39 a composite number?
False
Let t(y) = 101*y - 62. Let j be t(6). Let l = j + -321. Is l a composite number?
False
Suppose 0*s = -4*k - 4*s + 5864, 5*k + 4*s - 7328 = 0. Let c = -835 + k. Is c a prime number?
False
Suppose 319 = 5*c - 1256. Let q be (-5)/(-3)*-103 - (-5)/(-15). Let x = q + c. Is x a prime number?
False
Let k(u) = -110*u + 1. Let f(i) = i**2 + 6*i + 12. Let w be f(-5). Suppose 2*a + 3*v = 0, 3*v - 4*v - w = 3*a. Is k(a) composite?
False
Suppose -6*y + 25823 = 8765. Is y a composite number?
False
Suppose 4*p = -i + 1140, -i + p = -6*i + 5738. Suppose i = 24*m - 20*m. Is m composite?
True
Suppose -118*c + 105*c + 19123 = 0. Is c a prime number?
True
Let b be (5 + -3)/(0 + -1). Let j be (-90)/(-3) + (b - -2). Is (24/j)/((-2)/(-265)) composite?
True
Is (-32)/(-72) - (-277590)/54 a prime number?
False
Let j = 74 + -73. Is ((-23582)/(-52))/(j/2) a prime number?
True
Suppose -b - 1 = 16. Let r = 24 + b. Suppose -r + 21 = f. Is f a prime number?
False
Let n = 862 + 6259. Is n composite?
False
Let u(t) = -333*t + 227. Is u(-34) a prime number?
True
Let n(j) = 17*j**3 + 2*j**2 - 5*j + 11. Is n(4) composite?
True
Let x(k) = 29*k + 75. Is x(8) composite?
False
Suppose 3*i = 5*x - 16, x + 6 = 4*x. Let d be i/4 + (-114)/(-4). Suppose -5*f = -f - d. Is f composite?
False
Let a(l) = -37*l**2 + 5*l + 3. Let j be a(-10). Let h = j - -5270. Is h a composite number?
False
Suppose 0 = -67*a - 66539 + 2780106. Is a prime?
False
Let p be 26/6 + (-2)/(-3). Suppose 0 = -0*v - p*v. Suppose v = i + 5*c - 244, -i - i + 515 = c. Is i a composite number?
True
Let k = 10 - 15. Let h be k*(48/(-15))/4. Suppose h*u - 1453 = 775. Is u composite?
False
Let a(b) = -2*b**3 - 13*b**2 + 33*b + 139. Is a(-13) composite?
False
Suppose -3*a + 0*a = z - 12, 2*z + a - 4 = 0. Suppose -2*n + z*n = -8. Suppose -5*i + 395 = -p, 4*p = n*i - 5*i + 79. Is i prime?
True
Let h(g) = -g**3 - 8*g**2 - 8*g - 3. Let z be h(-7). Suppose z*t - 2*l = 84, 3*l = 2*t + 3*t - 105. Is t prime?
False
Suppose 0*n + 26 = 5*t - n, -n = 1. Suppose -5*v = t*j + 160, 0 = -2*j + 4*v - 14 - 20. Let g = j + 46. Is g a composite number?
False
Suppose 0 = -y - 4*h + 5, -2*y + y + 2*h + 23 = 0. Let m = y - 18. Is 1/((-750)/753 - m) a composite number?
False
Let z be 4/8*4/2. Let i be -4*(3/6 - z). Is 55/(2 - (-1 + i)) a prime number?
False
Let s = 12115 - 7050. Is s a prime number?
False
Let f = -20 - -24. Suppose 279 = f*i - 229. Is i a composite number?
False
Let g(a) = a + 14. Let p(z) = -z**3 + 12*z**2 + 13*z - 7. Let s be p(13). Is g(s) a prime number?
True
Suppose -10*a + 13795 = -5*a. Let p = a - 168. Is p a composite number?
False
Let j(w) = 35*w**2 + 9*w - 1. Suppose 12 = 3*t - t. Let i(m) = 34*m**2 + 8*m. Let u(g) = t*i(g) - 5*j(g). Is u(-2) a prime number?
False
Let g be 2 + 2 - -3 - -1. Is (-33319)/(-52) + 2/g composite?
False
Let v(j) = j + 8. Let h be v(-9). Suppose k = 3*k - 4. Is 1 - (h + (-174)/k) composite?
False
Let c(b) = 110*b**2 - 5*b - 2. Let q(p) = 2*p - 9. Let u be q(7). Is c(u) a composite number?
True
Suppose -14390 = -21*b + 11*b. Is b composite?
False
Let s(y) = y**3 - 2*y**2 + 10*y - 2. Let n(z) = z**3 + z + 1. Let d(u) = 3*n(u) - s(u). Let r be d(4). Suppose 6*b - 361 = r. Is b prime?
True
Suppose 33*v - 29*v = 4604. Is v a prime number?
True
Is ((-733)/4)/(3 - 1640/544) a composite number?
True
Let y(t) = 2508*t + 23. Is y(2) prime?
True
Let m be (-65)/(-10) - (-3)/(-6). Suppose -y - 3 = -m. Is 391 + 1 + y + 0 a composite number?
True
Suppose -14025 = 6*b + 5*b. Let i = 3598 + b. Is i prime?
False
Let i(v) = -341*v - 1018. Is i(-57) a prime number?
False
Suppose 13*w = 6*w + 889. Suppose -15*t + 16*t = w. Is t a composite number?
False
Let n(x) = -x - 5. Let i be n(-6). Let c(z) = z**2 + z + 1. Let m be c(-1). Is 331 - (i + 0 + m) a prime number?
False
Is -1 - (3 + (-10 - 6835)) a prime number?
True
Let f(n) = n**3 + 11*n**2 - 3*n - 5. Is f(6) composite?
True
Let r = 1312 + 15729. Is r a composite number?
False
Let n = -7 - -9. Is (-31692)/(-84) - n/7 prime?
False
Suppose 2*b = 2*x - b - 11, 5*x - 23 = 3*b. Suppose 0 = 4*l - 2*y - 34, 5*y - 10 = -x*l + 17. Suppose 2330 = l*k - 3*k. Is k a prime number?
False
Let g(q) be the third derivative of 187*q**4/8 + 4*q**2. Let y be g(1). Suppose 3*b - y = -12. Is b composite?
True
Let c = 221 + -129. Suppose x - 140 - 163 = 0. Let l = x - c. Is l a prime number?
True
Let m(s) = s**2 - s - 23. Let t be m(-5). Suppose 0 = -8*q + t*q + 1514. Is q a composite number?
True
Let u(q) = 7*q**2 + 13*q - 191. Is u(30) a composite number?
True
Suppose -q - 2*q = -4092. Suppose q - 476 = 5*o + h, 2*h = -5*o + 891. Is o a prime number?
False
Let j = 120 - 92. Suppose -31*x = -j*x - 3027. Is x composite?
False
Let o = 2250 + -1283. Is o a composite number?
False
Let n(i) be the second derivative of i**5/20 - 5*i**4/6 - 13*i**3/6 + 7*i**2 + 5*i. Let d be n(11). Let y = d + 31. Is y prime?
True
Let y(b) = -22*b**3 - 2*b**2 - b - 19. Is y(-4) composite?
False
Suppose -2*k + 590 + 428 = 4*r, -736 = -3*r + 4*k. Suppose -5*b + 3*u = -r, 259 = -b + 6*b + 4*u. Is b a prime number?
False
Suppose 4*w + 4*w = -48. Is 38 - -2*(4 + w) prime?
False
Let g(p) = -p**3 + 28*p**2 + 48*p + 34. Is g(27) prime?
False
Let b be ((-848)/20)/((-3)/60). Let g = 1339 - b. Is g composite?
False
Let i(b) = -27*b**2 + 9*b - 6. Let s be i(9). Let t = 3593 + s. Is t a prime number?
True
Let t = 12 + -8. Let r be 7/(4/t*1). Suppose -r*l + 3*l + 1012 = 0. Is l a composite number?
True
Suppose 4*i = -5*l + 14 + 40, 3*i + 3*l - 42 = 0. Is (-22200)/(-64) - (-2)/i prime?
True
Suppose 53 = 9*w + 17. Is -4*(w/(-22) - 35841/286) a composite number?
True
Suppose -2*x - 10 = -7*x. Let s be -6*(1 - 3/x). Suppose 0 = -j - s*j + 228. Is j prime?
False
Suppose -25 - 123 = -4*d. Suppose 5*w - d - 13 = 0. Suppose -5*o = 4*v - 315, -o + w*v = 5*v - 92. Is o composite?
False
Suppose -3*f - 36 = -0*f. Suppose -36*u + 32*u = -180. Is u + f - 1*2 composite?
False
Is ((-5981)/(-3))/((425/(-51))/(-25)) composite?
False
Suppose -2*r - 4*h - 2 = -3*r, -4*r - 3*h = -27. Is r/(-24) - 2/8*-1965 a prime number?
True
Let j be (-12)/(-78) - (-93)/(-13). Let q be j/((-14)/12) - 3. Suppose 3*h = -q, -x + h + 3*h = -401. Is x composite?
False
Let n(o) = 33*o - 4. Suppose 2*d - 44 = -2*b, 3*d = b - 55 + 13. Suppose -5*x - b = -8*x. Is n(x) composite?
False
Let r(i) = 2*i**2 - 48*i - 24. Let x be r(24). Let s = 883 - x. Is s prime?
True
Suppose 0 = 2*f - 4913 - 971. Is f a prime number?
False
Let z = 1043 - 4466. Let i = -2210 - z. Is i prime?
True
Let b = -554 + -19. Is (b/6)/(-1)*(0 + 2) a prime number?
True
Let i = 215 - 112. Let c = i - 36. Is c composite?
False
Suppose -11*q = -18*q + 2933. Is q a composite number?
False
Let x = -143 + 2160. Is x a composite number?
False
Suppose -3*r = -15 + 3. Suppose 2*j = z + z + 432, -4*j + 824 = r*z. Is j composite?
False
Is -1 - (1 + 4 - (0 + 3497)) a composite number?
False
Is (-12 + -11801)/(1/(-2) - 0) a composite number?
True
Let q = 4333 - 1506. Is q prime?
False
Let s(g) = 528*g**2 - 21*g + 4. Is s(-5) a prime number?
True
Suppose 2*z - 3*d + 479 = 2386, -2*z = -2*d - 1904. Is z prime?
False
Suppose 13*v = -8*v + 520863. Is v a prime number?
False
Suppose 0 = 3*r - 22 + 7. Suppose -r*u - 3*o = -o - 331, -145 = -2*u - 5*o. Is u a composite number?
True
Let j be 1/2 - 6*4/(-16). Is 3 + 424 + (2 - j) composite?
True
Suppose 0 = -4*g - 5*c - 2, 4*g = 2*c + 12. Suppose g*o - 3992 = -6*o. Is o composite?
False
Suppose 0*l + 22 = 2*l. Let z be l*22 - (-6 + 4). Suppose v - z = -31. Is v a composite number?
True
Let d(p) = p**2 - 16*p - 47. Is d(-14) prime?
True
Suppose u = -3*a - 3*u + 620, -a - u = -208. Suppose 385 = 3*t - a. Is t a composite number?
False
Let h = -41 - -45. Let i(z) = -z**2 + 7*z - 6. Let v be i(4). Suppose -5*k - o + 40 = 0, h*o = -4*k + 6*k + v. Is k composite?
False
Let s(j) be the second derivative of -j**3/6 + 7*j**2/2 - 3*j. Suppose 4*x + 45 - 13 = 0. Is s(x) composite?
True
Let b(k) = 6*k**2 + 10*k + 10. Let d be b(-4). Is 53/(((-4)/d)/(2/(-3))) a prime number?
False
Suppose 0 = -5*a + 25, -a + 12071 = -0*z + 2*z. Is z a composite number?
True
Let g = -32 - -31. Is 1183 - -3 - g*(2 + -1) composite?
False
Let q(l) = -59*l**3 - l - 1. Let n